?
False
Is 12287 a prime number?
False
Is 24791 a prime number?
False
Is 24637 composite?
True
Is 29779 a prime number?
False
Is 1991 a composite number?
True
Is 206507 composite?
True
Is 19477 prime?
True
Is 75389 composite?
False
Is 23921 a prime number?
False
Is 32707 a composite number?
False
Is 1632211 prime?
False
Is 4352687 composite?
False
Is 695 a composite number?
True
Is 545329 a prime number?
True
Is 172147 a composite number?
False
Is 202799 prime?
True
Is 24029 a composite number?
False
Is 10 prime?
False
Is 22853 a composite number?
False
Is 42037 composite?
True
Is 194131 a prime number?
False
Is 11089 a prime number?
False
Is 134522 composite?
True
Is 396307 a composite number?
True
Is 73153 a prime number?
False
Is 53773 composite?
False
Is 15967 a prime number?
False
Is 13201 a prime number?
False
Is 210011 prime?
True
Is 186533 a composite number?
True
Is 41333 composite?
False
Is 44351 a composite number?
False
Is 99649 a prime number?
False
Is 150557 a prime number?
False
Is 28429 a composite number?
False
Is 189633 composite?
True
Is 37579 a composite number?
False
Is 334 prime?
False
Is 536891 prime?
True
Is 340331 a prime number?
False
Is 9917 composite?
True
Is 35873 a composite number?
True
Is 42821 a prime number?
True
Is 282559 a composite number?
False
Is 1374929 a prime number?
True
Is 13147 prime?
True
Is 10589 composite?
False
Is 928105 a prime number?
False
Is 10541 composite?
True
Is 34309 composite?
True
Is 210731 a composite number?
False
Is 9249 prime?
False
Is 73819 composite?
False
Is 31121 a prime number?
True
Is 65599 prime?
True
Is 3959 composite?
True
Is 4871 a prime number?
True
Is 1274659 a composite number?
True
Is 2179 a composite number?
False
Is 15421 prime?
False
Is 190871 a composite number?
False
Is 126163 a prime number?
False
Is 197081 a composite number?
True
Is 146915 composite?
True
Is 8171 a prime number?
True
Is 49649 prime?
False
Is 68903 a composite number?
False
Is 242083 composite?
False
Is 14123 a prime number?
False
Is 431203 a composite number?
False
Is 10427 a composite number?
False
Is 311939 prime?
False
Is 265345 prime?
False
Is 86563 a prime number?
False
Is 569301 a composite number?
True
Is 2468281 composite?
True
Is 17531 composite?
True
Is 4177 composite?
False
Is 409 composite?
False
Is 76189 a prime number?
False
Is 9754 composite?
True
Is 1397 a prime number?
False
Is 16013 a composite number?
True
Is 2841 prime?
False
Is 78043 a composite number?
True
Is 181603 prime?
True
Is 587 a composite number?
False
Is 34211 prime?
True
Is 18806 prime?
False
Is 890333 a prime number?
True
Is 336097 composite?
True
Is 97423 a composite number?
False
Is 1036613 composite?
False
Is 7087 a composite number?
True
Is 36097 composite?
False
Is 8147 composite?
False
Is 140813 prime?
True
Is 43019 a prime number?
True
Is 561569 a composite number?
True
Is 37127 a composite number?
True
Is 37 a composite number?
False
Is 386887 prime?
True
Is 56159 a prime number?
False
Is 600101 composite?
False
Is 27653 composite?
False
Is 241963 composite?
False
Is 192971 composite?
False
Is 42761 a composite number?
True
Is 2153 composite?
False
Is 343373 a prime number?
True
Is 2161 prime?
True
Is 6163 a composite number?
False
Is 46747 prime?
True
Is 2743 a composite number?
True
Is 1009 a prime number?
True
Is 6937 prime?
False
Is 33407 a prime number?
False
Is 30434 a composite number?
True
Is 143743 prime?
True
Is 1727 prime?
False
Is 54685 a composite number?
True
Is 136423 a prime number?
False
Is 83649 composite?
True
Is 11351 prime?
True
Is 210853 composite?
False
Is 18187 a prime number?
False
Is 347343 a composite number?
True
Is 10007 a composite number?
False
Is 1259 a prime number?
True
Is 312701 a prime number?
True
Is 4226 a prime number?
False
Is 85798 prime?
False
Is 27323 a composite number?
True
Is 1739071 composite?
True
Is 411661 a prime number?
False
Is 1741 a composite number?
False
Is 27457 a prime number?
True
Is 1396387 a prime number?
True
Is 44159 composite?
False
Is 1652279 a composite number?
False
Is 61319 prime?
False
Is 416141 a composite number?
True
Is 42263 a prime number?
False
Is 1142215 a prime number?
False
Is 623521 prime?
True
Is 7814 a composite number?
True
Is 91753 a prime number?
True
Is 34997 prime?
False
Is 290497 a composite number?
False
Is 87821 a prime number?
False
Is 1925903 prime?
False
Is 65755 a composite number?
True
Is 275819 a prime number?
False
Is 113177 a prime number?
True
Is 7493 prime?
False
Is 7851 a prime number?
False
Is 4733 composite?
False
Is 15641 a prime number?
True
Is 12811 prime?
False
Is 80357 a composite number?
True
Is 1016711 a composite number?
True
Is 538787 a composite number?
True
Is 281509 prime?
True
Is 93719 prime?
True
Is 9865 prime?
False
Is 39541 a composite number?
False
Is 40007 a composite number?
True
Is 43853 composite?
False
Is 12839 a prime number?
False
Is 18181 a prime number?
True
Is 421529 a prime number?
False
Is 252257 prime?
False
Is 798869 prime?
False
Is 46723 a prime number?
True
Is 1342819 a prime number?
False
Is 673609 a composite number?
False
Is 25007 prime?
False
Is 124381 a prime number?
False
Is 127 composite?
False
Is 43649 a composite number?
False
Is 932039 a composite number?
False
Is 3791 a composite number?
True
Is 913013 prime?
True
Is 6779 a composite number?
False
Is 74153 a prime number?
False
Is 712345 a composite number?
True
Is 6131 a composite number?
False
Is 1175467 prime?
True
Is 3847 a composite number?
False
Is 159839 a composite number?
False
Is 35729 composite?
False
Is 147919 composite?
False
Is 41889 a prime number?
False
Is 55859 prime?
False
Is 40571 prime?
False
Is 28849 prime?
False
Is 1345 composite?
True
Is 133691 prime?
True
Is 6938 a prime number?
False
Is 228443 a prime number?
True
Is 3966689 a prime number?
True
Is 56789 a prime number?
False
Is 8510039 a prime number?
True
Is 288083 prime?
False
Is 154741 prime?
False
Is 68613 a composite number?
True
Is 802887 a composite number?
True
Is 32919 composite?
True
Is 231943 prime?
True
Is 129341 prime?
True
Is 257053 prime?
True
Is 30869 prime?
True
Is 1027679 a prime number?
True
Is 3127 prime?
False
Is 3151 composite?
True
Is 57571 prime?
True
Is 416867 a composite number?
True
Is 683245 a prime number?
False
Is 178202 prime?
False
Is 46439 a composite number?
False
Is 35897 composite?
False
Is 12895 prime?
False
Is 61078 a composite number?
True
Is 346003 composite?
True
Is 12143 prime?
True
Is 8465 prime?
False
Is 99305 composite?
True
Is 13397 a prime number?
True
Is 39089 composite?
False
Is 1773481 a composite number?
True
Is 14629 composite?
False
Is 29243 composite?
False
Is 1054819 prime?
True
Is 385013 a prime number?
True
Is 90491 prime?
False
Is 12781 composite?
False
Is 807071 composite?
False
Is 25319 prime?
False
Is 225479 composite?
False
Is 23713 a composite number?
True
Is 96377 composite?
False
Is 3371 a prime number?
True
Is 915247 composite?
False
Is 126359 a prime number?
True
Is 152981 prime?
True
Is 56273 prime?
False
Is 7501 composite?
True
Is 336757 prime?
True
Is 57521 a prime number?
False
Is 6217 prime?
True
Is 113947 composite?
False
Is 10289 prime?
True
Is 33133 a composite number?
True
Is 264053 a composite number?
False
Is 50117 a composite number?
True
Is 3287 a composite number?
True
Is 311141 a prime number?
False
Is 263969 composite?
True
Is 7379 composite?
True
Is 4666 a composite number?
True
Is 1574 a prime number?
False
Is 204485 composite?
True
Is 74631 a composite number?
True
Is 31177 prime?
True
Is 7001 composite?
False
Is 2221 a composite number?
False
Is 405541 a composite number?
False
Is 20455 prime?
False
Is 2748371 prime?
True
Is 1255 prime?
False
Is 3683 a composite number?
True
Is 34381 a prime number?
True
Is 227813 composite?
True
Is 74699 a prime number?
True
Is 49169 a composite number?
False
Is 1575187 a prime number?
True
Is 22993 prime?
True
Is 11863 prime?
True
Is 10741 composite?
True
Is 8698 a composite number?
True
Is 463741 a composite number?
False
Is 14483 composite?
True
Is 85021 prime?
True
Is 1620119 composite?
True
Is 977 composite?
False
Is 99761 prime?
True
Is 46807 a prime number?
True
Is 46663 a prime number?
True
Is 127 pr